. Let h = d + 4. Suppose 11*w - 7*w - 128 = h. What is the greatest common factor of 80 and w?
16
Suppose 229 + 291 = 4*k. What is the highest common divisor of 195 and k?
65
Let p(i) be the third derivative of 0*i + 4/3*i**3 + 10*i**2 + 1/30*i**5 + 1/6*i**4 + 0. Let g be p(-6). What is the highest common factor of 14 and g?
14
Let u(s) = 3*s**2 - 2*s - 1. Let r be u(3). Let c = 106 - -54. What is the greatest common factor of c and r?
20
Suppose 5*d = -4*f + 100, 12*f = 16 + 44. What is the highest common factor of d and 32?
16
Suppose 26 = -j + 4*i, -4*i + 56 = -0*j - 4*j. Let r be (-1)/(-2) - 1075/j. Calculate the highest common divisor of r and 12.
12
Let s(r) = r**3 + 12*r**2 - 13*r + 2. Let b be s(-13). Calculate the highest common factor of b and 74.
2
Suppose 35*f = 16166 + 16279. Calculate the highest common divisor of f and 206.
103
Let g = 263 + -143. Suppose 3*p - g = -p. Suppose z + 18 = p. Calculate the greatest common divisor of 12 and z.
12
Suppose -4*d + 5 - 1 = 0. Let v be (-8 - -11)/(d/(-10)). Let p = 58 + v. What is the greatest common factor of p and 7?
7
Let b(n) = 3*n**2 - 11*n + 1. Let r be b(9). Calculate the greatest common divisor of 29 and r.
29
Suppose 7*v - 12*v = 10. Let n be ((-6)/(-3))/(v/(-26)). What is the greatest common divisor of 13 and n?
13
Let k = -8 + 13. Suppose k*x - x + 5*c - 137 = 0, -2*c - 46 = -2*x. Let w = -10 + x. What is the highest common divisor of w and 27?
9
Suppose 0 = -3*k + 5*z - 9, 2*z - 66 = -k - 47. Let m = -61 - -117. Calculate the greatest common divisor of m and k.
7
Let q = -86 - -150. Let v = q + -28. Calculate the highest common factor of v and 12.
12
Let w be -10*(-26)/65*10. What is the highest common factor of 148 and w?
4
Let m be 452/14 - (-10)/(-35). Let y = -20 + m. What is the greatest common factor of 132 and y?
12
Let x = 15 - -5. Suppose s - x = -5. Let n(f) = 17*f**2 + 5*f - 3. Let r be n(-3). Calculate the highest common divisor of r and s.
15
Let y(r) = 4*r + 34. Let d be y(-7). What is the greatest common divisor of 78 and d?
6
Suppose -4*r - r + 95 = 0. Let n(c) = -88*c + 1025. Let h be n(11). What is the greatest common divisor of h and r?
19
Let d(l) = l**2 - 1. Let o be d(3). Suppose -20 = -5*x - 65. Let j be (-12)/x + (-3)/9. What is the greatest common divisor of j and o?
1
Let x = 1 + 1. Suppose -30 = -4*o + x. What is the highest common divisor of o and 40?
8
Let w be (-30)/(-4) - 22/44. Let u = w + 1. Let f(a) = 3*a**2 + a. Let z be f(-1). Calculate the greatest common factor of z and u.
2
Let g be 9/(-18) + (-19)/2. Let t = g + 12. Suppose -2*b + 195 = 5*a, 0*a + 502 = 5*b - t*a. Calculate the highest common divisor of b and 25.
25
Let w be 33/(-4 + (-188)/(-44)). Calculate the greatest common factor of 22 and w.
11
Let j(b) = b**3 - 30*b**2 + 2*b - 9. Let v be j(30). Calculate the highest common factor of v and 68.
17
Let a = -21 - -42. Suppose -225 = -14*z + 951. Calculate the highest common divisor of z and a.
21
Suppose -4*l = -3*n - 13, -5*n + 2*l + 1 = 4. Let m be (-54 + 0)*n/(-2). Let r be m/18*(-2)/(-3). Calculate the highest common factor of r and 4.
1
Let s(u) = -u**2 + 3*u - 12. Let g be s(-6). Let a be -3 - g/9*3. Calculate the highest common divisor of a and 133.
19
Let i be (-27)/(-2)*(-14)/(-21). Let b = -12 + i. Let s(a) = -36*a - 6. Let u be s(b). What is the highest common factor of u and 17?
17
Let j be (-1)/2*-26 - 0. Let c be 0 + (-2)/((-2)/91). What is the highest common divisor of c and j?
13
Let v(q) = -2*q - 5. Let p be v(-3). Let x(z) = -10*z**3. Let n be x(p). Let h = 1 - n. What is the highest common divisor of 11 and h?
11
Let q(s) = 3*s + 189. Let b be q(-34). Calculate the highest common factor of 3 and b.
3
Let h(l) = l**2 + 12*l + 21. Let m be h(-10). Let q be (2 + m)/((4 - 7)/(-3)). Calculate the greatest common divisor of q and 30.
3
Suppose 4*n + n - 30 = 0. Let j be n/(24/20) + 2. Suppose -2*k = -j*k + 175. What is the highest common divisor of 7 and k?
7
Let f(t) = 20*t - 70. Let n be f(8). What is the greatest common divisor of 20 and n?
10
Suppose -7*w + 23 = -187. Let g = w - -12. What is the highest common divisor of g and 6?
6
Suppose 4*z - 36 = 5*s - 14, 2*s = -z - 1. Suppose -3*k - 3 = 0, -2*v - z*k + k + 50 = 0. What is the highest common factor of 182 and v?
26
Let v = -92 - -136. Suppose 20*g - 2869 = -669. What is the highest common factor of v and g?
22
Suppose -5*h - 2*h = -7. Let g = h - -39. What is the highest common factor of g and 320?
40
Suppose -7 = -w - 3. Suppose -w*f = f - 155. Let b = -20 + f. What is the highest common divisor of 110 and b?
11
Let f = -30 + 100. Suppose -p - 10 = -2*p - 2*b, 0 = -2*p - 3*b + 22. What is the highest common factor of f and p?
14
Suppose 2*g - 945 = -19*g. What is the highest common factor of 54 and g?
9
Suppose 0 = -54*w + 52*w + 44. Suppose -w*n + 24*n = 8. Calculate the greatest common divisor of n and 4.
4
Let g be 2/(1/1) + 0. Let r = 998 + -996. Calculate the highest common factor of g and r.
2
Let x be (1/(-3))/(5/(-120)). Suppose 5*k = n - x, n = 4*k + 5 + 3. Calculate the greatest common factor of n and 88.
8
Let x(y) be the third derivative of 0*y - 3*y**2 - 2/3*y**3 + 1/3*y**4 + 0. Let z be x(5). What is the greatest common divisor of z and 9?
9
Let m = -33 - -33. Suppose m = -5*r - 4*r + 243. Suppose g - r = -25. What is the highest common divisor of g and 3?
1
Let p(c) = c**2 - 8. Let m be 2/((-2)/(-4) + 36/(-40)). Let a be p(m). What is the greatest common divisor of a and 17?
17
Let b(y) = 6*y**2 + 23*y - 54. Let t be b(-6). Let f(x) = x**2 + x. Let q = -2 - 2. Let w be f(q). What is the greatest common divisor of t and w?
12
Let h be 22 - (3/1 - 0). Let q be (-3656)/(-48) + 1/(-6). Calculate the greatest common factor of h and q.
19
Suppose -7*r = -26412 + 2262. Calculate the greatest common divisor of 276 and r.
138
Let n be 1*(3 - -11) + 0. Suppose 29 = -l - 4*h, -13 - 12 = 5*h. Let u = 89 - l. Calculate the highest common divisor of n and u.
14
Suppose 683 = 5*l + 123. What is the greatest common divisor of 1008 and l?
112
Let t be -1 + (0/2 - 3). Let a(o) = 16*o + 12. Let h(d) = 5*d + 4. Let j(z) = 3*a(z) - 10*h(z). Let i be j(t). What is the highest common divisor of 16 and i?
4
Let s be (-5 + 376)*(-2)/4*-4. Calculate the highest common factor of 14 and s.
14
Let x = 129 - 126. Calculate the greatest common factor of 27 and x.
3
Suppose -2*i + 1492 = -2*w + 6*w, -3*i + 4*w + 2258 = 0. Suppose 0 = -8*v - 286 + i. Calculate the highest common divisor of v and 145.
29
Let y be 2/((-2)/(-63)) - 0. Let h(w) = -w + 1. Let p be h(1). Suppose 12*z - 6*z - 42 = p. What is the greatest common divisor of y and z?
7
Let j = 7 + -8. Let c be (j/(-3))/((-64)/(-21) - 3). Calculate the greatest common factor of c and 49.
7
Suppose -18 - 27 = -3*z. Let p(a) = a**3 - 7*a**2 - a + 4. Suppose -2*v - 6*v = -64. Let o be p(v). Calculate the greatest common factor of z and o.
15
Let u be (-1)/1 - (-92 + -1). Let r = 9 - 9. Suppose c + r*q - 48 = 5*q, -15 = 3*q. What is the highest common factor of u and c?
23
Suppose -f + 144 = 3*f. Suppose 0 = 4*w - 3*i - 15, -w + 3*i + 6 = -0. Let m be w + (-18)/(-14) + (-6)/21. Calculate the greatest common factor of f and m.
4
Let c(a) = -13*a - 18. Suppose 2*b = 5*b + 12. Let k be c(b). Calculate the highest common divisor of 17 and k.
17
Let f = 86 + -65. Let q be (168/49)/(6/f). Calculate the greatest common factor of 42 and q.
6
Let k = 89 + -77. Calculate the greatest common factor of k and 132.
12
Let k = -874 - -889. Calculate the greatest common factor of k and 615.
15
Suppose 24*r = 775 + 761. Calculate the greatest common divisor of r and 1088.
64
Let p(q) = -q**3 + 10*q**2 - 11*q. Let t be p(9). Let f = t + 37. Calculate the highest common factor of 209 and f.
19
Let s be (-8)/3*3/(-2). Suppose 0 = -s*z + 23 + 9. Let q(x) = x**2 - 3*x + 10. Let u be q(5). Calculate the greatest common factor of u and z.
4
Let l be 4/30 - 708/(-90). Let k(m) = m**2 - 8*m + 2. Let c be k(l). Let r = 42 - c. Calculate the highest common divisor of r and 16.
8
Let a be 1666/(-238)*44/(-14). Suppose 84 = g - 158. What is the greatest common divisor of g and a?
22
Let n = 2270 + -2264. Calculate the greatest common divisor of 129 a